1 = 0. What is the tens digit of b?
9
Suppose q = -41*q + 92526. What is the hundreds digit of q?
2
Let g(z) = 64*z - 6. Let y be g(-6). Let l = -245 - y. Suppose -l = -4*p - 53. What is the tens digit of p?
2
Let o = 1388 - 756. What is the units digit of o?
2
Let n = -2664 + 4200. What is the tens digit of n?
3
Let y be (0/(-2))/(-1) - -1. Let t be (2 - -4) + (-2 - y). Suppose -t*i = 5*n - 102, 3*n - 58 = i - 2*i. What is the tens digit of n?
1
What is the units digit of (-16)/(-6)*(-5 - -20)?
0
Suppose 0*w - 102 = -2*w. Suppose w = 6*z - 15. What is the units digit of z?
1
Suppose -4*s + 7845 = 5*l, -3*s = 3*l - 5*l - 5901. What is the tens digit of s?
6
Let z(n) = n**3 - 21*n**2 + 39*n - 16. Let g be z(19). Suppose 672 = 3*y - 2*o + 5*o, -2*y - g*o = -451. What is the units digit of y?
1
Let w(h) = 117*h**3 + h**2 - 6*h + 6. What is the hundreds digit of w(2)?
9
Let r(f) = -f**3 + 17*f**2 - 8*f - 5. What is the tens digit of r(8)?
0
Let t = -704 - -1292. What is the tens digit of t?
8
Let a be 6*-1 - (9 + -9). What is the units digit of (1580/(-15))/(a/9)?
8
Suppose -33*h + 9*h + 150144 = 0. What is the thousands digit of h?
6
Suppose 0 = 4*f + 5*b + 444, 0 = -f - 3*b + 2*b - 110. Let i = f - -50. Let k = 98 + i. What is the units digit of k?
2
Let d be 1/2 + 22/4. Let r be 7/(-2) + (-3)/d. What is the units digit of (-2 + 10)/(5 + r)?
8
What is the hundreds digit of (-143760)/(-90) - 14/6?
5
Let b(p) = -3060*p + 97. What is the hundreds digit of b(-1)?
1
Let c = -10 - -52. Suppose -c = -w - 32. What is the tens digit of w?
1
Suppose -4*p + 7 = -1. Suppose -h - p*g + 285 = -7*g, 2*h - g = 615. What is the tens digit of (-9)/6*h/(-15)?
3
Suppose 6*i = -2*i + 16. What is the units digit of 19*(4 + (-4)/i)?
8
Let g be (-3)/30*4 - 10/(-25). Suppose -1113 = -5*d - 3*o, g = 4*d - 3*o - 1087 + 202. What is the hundreds digit of d?
2
Let f(w) = 2*w**3 - w**2 - 6*w - 21. Let j be f(7). Suppose 6*a + a - j = 0. What is the tens digit of a?
8
Let k be (-2)/(-11) - ((-485)/(-11))/(-5). Suppose k*h + 23 = 10*h. What is the units digit of h?
3
Let b = 684 + -594. What is the units digit of b?
0
Let s be (-3 - (-10)/4)*0. Suppose 4*g = 4, -o + 3 = 2*o - 3*g. Suppose s = -x - 2*x + 6, -8 = -o*z + 3*x. What is the units digit of z?
7
Suppose c - s - 62 - 42 = 0, 3*c + 3*s - 306 = 0. Suppose c = 2*r - 177. Suppose r = 5*p - 25. What is the units digit of p?
3
Let p(f) = f**3 + 10*f**2 - 12*f + 14. Let q(i) = -i**3 - 12*i**2 + 14*i + 2. Suppose 2*t = 4*t + 26. Let a be q(t). What is the units digit of p(a)?
5
What is the hundreds digit of 46176/14 - 345/(-483)?
2
Let z(k) = 17*k**2 - 36*k + 466. What is the thousands digit of z(15)?
3
Let z(s) = s**3 + 12*s**2 - 10*s + 15. Let d be z(-13). Let l = d + 43. What is the tens digit of l?
1
Let d = -8 + 27. Let z = d + -17. Suppose z*b - 82 = -0*f - 3*f, 0 = 4*f + 3*b - 111. What is the tens digit of f?
2
Let k(b) = -6*b**3. Let s(q) = q**2 - 3*q - 9. Let p be s(5). Let u be k(p). Let f = u - -12. What is the units digit of f?
6
Suppose 3*h + 3*f = -78, 3*h = -6*f + f - 82. Suppose -5*v = 5*n - 230, 0 = -5*n + n + 16. Let g = v + h. What is the units digit of g?
8
Let v(u) = 754*u**2 + 14*u - 24. What is the units digit of v(2)?
0
Let u(x) = x**3 - 13*x**2 + 26*x - 20. What is the tens digit of u(14)?
4
Let a = -64 - -76. Suppose -362 = -a*m + 22. What is the tens digit of m?
3
Suppose -4*w = -w - 405. Suppose 4*z - w - 33 = 0. What is the units digit of z?
2
Let h(n) = -2*n**2 + 4*n - 20. Let m be h(6). What is the tens digit of (m - (3 + 0))*-1?
7
Let n(x) = x**3 + x**2 - 2*x - 9. Let c be n(0). What is the hundreds digit of 194 + c*3/(-9)?
1
Let i(n) = n**2. Let t = -30 + 30. Let a be i(t). Suppose -5*z + 5*d + 50 = a, 5*d = -3*z - 0*d - 2. What is the units digit of z?
6
Let d(f) = -f**2 - 6*f + 1. Let j be d(-4). Suppose -j*u + 12 = -5*u. Suppose -w = -u*w + 58. What is the tens digit of w?
2
Let v = -1390 + 4259. What is the thousands digit of v?
2
Let f(m) = m**2 - 14*m - 32. Let k be f(16). Suppose 5*z - q - 306 = -5*q, k = -5*q + 20. What is the units digit of z?
8
Let u be 1*(-6)/(-15) - 468/(-5). Let n = -2 + u. What is the tens digit of n?
9
What is the units digit of 2 + 113 + 30/(-6)?
0
Let b be (9/6 + -2)*78/13. What is the hundreds digit of (-2)/(-2)*(227 + 5 + b)?
2
Suppose -5*j = -2*r + 69, 2*r + r = 3*j + 126. Let u = r + -3. What is the tens digit of u?
4
Let f = -17 + 17. Suppose 4*l - k - k - 36 = 0, 2*l - 3*k - 22 = f. Suppose 2*a - l + 4 = 0. What is the units digit of a?
2
Suppose 2*l - u - 2*u = 111, 160 = 3*l + 2*u. Let x = 55 - l. What is the units digit of x?
1
Let y be 9 + (-3)/1 + 2. Let s(i) = -i**2 - 9 + 20*i + y + 2*i**2. What is the tens digit of s(-21)?
2
Suppose p - 98 = h, 14*h - 11*h - 294 = -3*p. What is the tens digit of p?
9
Let s be (-4)/6 - 14/(-3). Suppose 25 = -4*v + v + s*h, h = -4*v - 8. Let y = 18 + v. What is the tens digit of y?
1
Let u = 2 + 1. What is the units digit of (30/(-9))/(u/(-72))?
0
Suppose -3*s = 4*c - 2273, -13 = 2*s - 3. What is the units digit of c?
2
Let o(w) = w**3 - 4 + 6*w**2 - 14*w**2 - w**2 + 9*w. Let z be o(8). Suppose 3*j + z*k = 30, 4*j - k - 38 = 2. What is the tens digit of j?
1
Let c(n) = n**3 - 2*n**2 + 16*n - 27. What is the tens digit of c(4)?
6
Let o(y) = -y**3 - 4*y**2 + y - 1. Let l be o(-7). Let a = -113 + l. What is the units digit of a?
6
Let s = -2 + 5. Let m(i) = -5*i - i**2 + i + 4 - i + i**s. What is the units digit of m(3)?
7
Suppose 0 = 6*c - 371 - 355. Suppose 5*k + 41 = 2*q + 625, -k = q - c. What is the tens digit of k?
1
Let l = -76 - -1331. What is the tens digit of l?
5
Suppose 0 = y + 4*j - 440, -5*y + 2*j - 124 + 2214 = 0. What is the hundreds digit of y?
4
Let l be -4 - 3/((-3)/26). What is the hundreds digit of (l/8)/(4/176)?
1
Suppose 3*n - 2*y - 30 = 0, -4*y - 52 + 12 = -4*n. Suppose n*x - x = 2196. What is the units digit of x?
4
Suppose -27*f + 29*f = -278. Let z = f + 247. What is the units digit of z?
8
Suppose 0 = 2*c - 66 - 24. Suppose c = l - 18. What is the units digit of l?
3
Let t = 9 - 1. Suppose 0 = -6*w + t*w - 18. What is the units digit of w?
9
Let w(l) = 27*l**2 - 1. Let c be w(3). Let p = c + -132. Let q = -74 + p. What is the tens digit of q?
3
Suppose 2*v = -4*a + 3540, -4*a - 1770 = -6*a - 5*v. What is the tens digit of a?
8
Let o = -13 - -22. Suppose -18 = -3*m + o. What is the units digit of m?
9
Let c(b) = -58*b - 170. What is the tens digit of c(-15)?
0
Suppose 5*n = -2*x - 5, -2*x + n - 4 = 5*n. Suppose x*w + 174 = 3*w. What is the units digit of w?
8
Let g(y) = 15*y**2 - 5*y + 3. What is the tens digit of g(-3)?
5
Suppose -3*c - 3*u + 8*u + 29 = 0, -u = -c + 7. Suppose 7*m - c*m = 0. Suppose -q - l = -22, q - 14 = -5*l - m*l. What is the units digit of q?
4
Suppose 0*s + s + 2654 = 5*i, 2*s = 2. What is the tens digit of i?
3
Let w(y) = y - 1. Let n be w(-3). Let z be -2*(3 + 58/n). Suppose 0*s = s - z. What is the tens digit of s?
2
Let q(y) = 191*y - 373. What is the hundreds digit of q(6)?
7
Let b = -31 + 23. What is the tens digit of (3 - 406/10)*20/b?
9
Suppose -367 = -4*w - 135. Suppose 0 = 2*h + 2*g - 0*g - w, 5*g = 4*h - 89. Suppose 0 = 2*l - h + 4. What is the units digit of l?
1
Let r(n) = -n**3 + 4*n**2 - 2*n + 8. Let f be r(4). Let a = 3 - f. Suppose 0 = -a*m + 7 + 5. What is the units digit of m?
4
Let f(u) = 12*u + 8. Let n be f(7). Let q = n - -23. What is the tens digit of q?
1
Let v(f) = -88*f - 131. What is the tens digit of v(-10)?
4
Let o(p) = 4*p**3 - 2*p**2 - 5*p - 7. Let j be o(-5). What is the tens digit of (j/8)/7*(-12 - -2)?
9
Let g(c) = 34 - 10*c + 26 - 4 - 14. What is the tens digit of g(-6)?
0
Let z = -17 + 13. What is the units digit of z/18 + 976/18?
4
Suppose -42 = -13*s + 6*s. Let o be 5 - (s + -8 + 4). Suppose 107 = 5*k - c - o*c, 38 = 2*k - 4*c. What is the tens digit of k?
2
Let t(x) = 17*x**3 - x**2 + 3. Let m be t(2). Suppose 3*w + y - m = 40, -2*w - 5*y + 134 = 0. What is the tens digit of w?
5
Let n(f) = -40*f. Let z(k) = -k**3 - 3*k**2 + 4*k - 1. Let q be z(-4). Let b be n(q). What is the units digit of 4/b*6*10?
6
Suppose -8*u + 7203 = 13*u. What is the units digit of u?
3
What is the units digit of -5 - (-9)/1 - -178?
2
Suppose 0 = -t -